 + 2*o - 2. Let z(a) = 2*a - 1. Let t be z(2). Suppose -4*p + j = -5, t*p - 3*j = -0*p - 3. Determine x(p).
-2
Let a(h) be the third derivative of h**4/12 + 2*h**3/3 - h**2. Suppose f + 16 = -3*f. Calculate a(f).
-4
Let n(s) be the first derivative of s**2 - s - 27. Calculate n(1).
1
Let w be (15/(-6) + 2)*-8. Let v(d) = -d**2 + 3*d + 4. Give v(w).
0
Let l(g) = 4*g - 6*g - g**3 + g - 4 + 4*g**2 + 6. Let k = 7 + -3. Calculate l(k).
-2
Suppose -5*h = 4*v + 16, -3*v - 7 = 5. Suppose -5*i + h*i + 20 = 0. Let s(b) = 3 - 1 + b**2 + 0*b - 5*b + 1. Give s(i).
-1
Let d = -27 + 33. Let t(i) = 2*i - 9. Give t(d).
3
Let z(x) = -x**3 - 2*x**2 - x + 1. Let j be (6 + -2)/12*0. Suppose j = 4*p - 1 + 13. Calculate z(p).
13
Let n(i) be the third derivative of i**4/8 - i**3/6 - 15*i**2. Give n(-1).
-4
Let p(r) = -2*r**3 - 4*r. Let b(g) = -3*g**3 - 5*g. Let l(d) = 3*b(d) - 4*p(d). Suppose n = -0*n + 1. Determine l(n).
0
Let g(u) be the second derivative of u**5/120 - u**4/24 + 2*u**3/3 + 4*u. Let z(a) be the second derivative of g(a). Determine z(6).
5
Let o(t) = 6*t - 14. Let p(z) = -7*z + 15. Let y(u) = -6*o(u) - 5*p(u). What is y(6)?
3
Let n(a) = a**2 - 3*a - 16. Let h be n(6). Let t be ((-6)/(-4))/(6/8). Let k(x) = -3*x - x**2 + 4*x**2 + x**t + h + x**3. What is k(-5)?
-8
Let g(f) = -f**3 + 9*f**2 - f + 13. Suppose -6 = 4*v - 42. Calculate g(v).
4
Suppose 0 = -4*g + g + 12. Let r(u) = -u + 6. Let o(z) = z - 7. Let t(n) = g*r(n) + 3*o(n). Let w(p) = p**2 - 2*p - 7. Let c be w(3). Give t(c).
7
Suppose -35 = 5*d - 5*v, -18 - 7 = -5*v. Let o(k) = -4*k + 0*k + 0*k. Calculate o(d).
8
Let u = 1 + 1. Let w(v) = -4*v - 12*v**3 + 0*v + 2*v**u + 3*v. Give w(1).
-11
Suppose -3*u - k = -12, 2 + 10 = 3*u - k. Suppose -4 = -3*n + 2*n - x, -21 = n - u*x. Let f(i) = i**2. Determine f(n).
1
Suppose -3*j - 172 = -4*x, -6*x + 192 = -x + 2*j. Let v = -29 + x. Let a = 6 - v. Let s(p) = -p**3 - 4*p**2 + 5*p - 7. Determine s(a).
-7
Let r(z) be the third derivative of z**4/12 + z**3/6 - z**2 - 11*z. Determine r(-5).
-9
Suppose 0 = -y + 4*y + 99. Let d be y/(-9) - 3/(-9). Let u(o) = -2 + 5*o + d - 1. Calculate u(-2).
-9
Let l be -1*1/1*-7. Let m(o) be the first derivative of -o**4/4 + 2*o**3 + 3*o**2 + 8*o + 1. Determine m(l).
1
Let d(s) be the first derivative of -7*s**2 - 3/4*s**4 - 6*s - 4/3*s**3 - 2. Let j(a) = -a**3 - a**2 - 5*a - 2. Let u(m) = -3*d(m) + 8*j(m). What is u(-2)?
6
Let l(y) = 2*y - 3 + 3*y - 4*y. Give l(7).
4
Let y(h) = 5*h**2 - 4*h - 8. Let l(n) = 14*n**2 - 12*n - 23. Let t(i) = 6*l(i) - 17*y(i). Determine t(-3).
1
Let a = 3 - -1. Suppose -j = a*j - 20. Let q(r) = 1 - r**3 - 3 + 4 - 6*r + 5*r**2. What is q(j)?
-6
Let r = 3 + -7. Let w(i) be the first derivative of -i**3/3 - 2*i**2 + 3. Calculate w(r).
0
Let j(o) = o**3 - 6*o**2 - 9*o. Let w(y) = 2*y**3 - 11*y**2 - 17*y + 1. Let r(t) = -5*j(t) + 3*w(t). Give r(4).
-5
Suppose 4*b + 1 = v, b = -0*b + v - 1. Let t(d) be the third derivative of 1/3*d**3 - d**2 + b*d + 0 + 0*d**4 + 1/60*d**5. Determine t(2).
6
Let n(q) = q**3 - q**2 + q. Let j(t) = 4*t**3 - 3*t**2 + 9*t + 1. Let l(i) = j(i) - 5*n(i). Let b be -2 - 1/((-2)/4). Let h = b + 3. Calculate l(h).
4
Let f = -16 - -17. Let l be (-3)/3*(2 - f). Let t(r) = 11*r**3 + 2*r**2 + r. Give t(l).
-10
Let s(l) be the third derivative of l**5/60 - l**4/6 - 2*l**2. Give s(3).
-3
Let v(q) be the third derivative of q**6/120 + q**5/15 - q**4/6 + 7*q**3/6 - 11*q**2. Calculate v(-5).
2
Let l = 329 - 576. Let p be (-2)/7 + l/91. Let s(k) = 2*k**2 + 4*k + 2. Give s(p).
8
Suppose -3*l - 5*w = -w + 8, 2*w + 4 = 0. Let f be (-3 + l)*2*1. Let j(c) be the second derivative of c**4/12 + 7*c**3/6 + 4*c**2 + 94*c. What is j(f)?
2
Suppose -3*s = 5*p - 34, 0*p = -4*p + 5*s + 5. Suppose -12 = -p*b - 5*k + 28, b + 3*k = 14. Let l(j) = j**2 - 8*j + 6. Calculate l(b).
-9
Let v(b) = -b**2 - 8*b - 3. Suppose 4*o - 3*p + 43 = 7, -p - 20 = 4*o. What is v(o)?
9
Let n(f) = f - 5. Let t(i) = i**2 - 11*i + 12. Let b be t(10). Suppose b*y = -y + 12. Suppose 4*h + 8 = 0, -5*h - 21 - 13 = -y*g. Give n(g).
1
Let s(d) = -3*d**3 + 10*d**2 + 15*d + 6. Let g(j) = 5*j**3 - 15*j**2 - 23*j - 9. Let a(b) = -5*g(b) - 8*s(b). What is a(-3)?
-6
Let a = 67 + -73. Let y(n) = -n**3 - 6*n**2 - n - 4. Calculate y(a).
2
Let t(a) = -a. Let i(h) = h**3 + 4*h**2 + h - 4. Let z be i(-3). Suppose -3*g + z*g = s, -2*s + 15 = 5*g. What is t(g)?
-5
Let p(h) = -3*h - 2. Let u(i) = -6*i - 5. Let q(r) = 5*p(r) - 2*u(r). Give q(2).
-6
Let k(b) be the third derivative of 1/120*b**6 + 0 + 1/2*b**3 + 7/24*b**4 + 3*b**2 + 1/10*b**5 + 0*b. Let u = -11 - -6. Give k(u).
-7
Let p = -14 - -13. Let r(l) = -11*l**2 - 6*l - 5. Let w(x) = x**2 + x + 1. Let k(v) = p*r(v) - 4*w(v). Give k(-1).
6
Let z = 9 + -5. Let a(b) = -b - 1 + 0 - z. Let k be 96/(-20) + (-1)/5. Calculate a(k).
0
Let t(r) be the first derivative of -5*r**3/6 + r**2/2 - 3*r - 2. Let f(o) be the first derivative of t(o). Let j be (-2)/(-9) + (-11)/9. Determine f(j).
6
Let y(r) = -r**2 + r + 1. Let z = -22 + 19. Determine y(z).
-11
Let u(z) = -z - 2. Let q(v) = -v + 6. Let w be q(3). Let y be (-1)/((1 - -2)/(-9)). Let a = w - y. What is u(a)?
-2
Let y(v) = v**2 + 8*v + 7. Let d be y(-7). Let c be 0 - (d - 2) - 6. Let t(z) = 7*z + 1. Let u(k) = k - 1. Let x(p) = -t(p) + 6*u(p). What is x(c)?
-3
Let l = 120 - 715/6. Let k(w) be the third derivative of -2*w**2 - l*w**3 + 0*w + 0 - 1/24*w**4. Determine k(0).
-5
Suppose 0*n + 5 = n. Let r(o) = -3*o - 9. Let j be -1 - (5 - (-3)/3). Let w(t) = t + 3. Let f(u) = j*w(u) - 2*r(u). Give f(n).
-8
Let i(d) = 5*d**2 - 5*d + 3. Let a(z) = -4*z**2 + 4*z - 2. Let j(q) = 6*a(q) + 5*i(q). Let g(o) be the first derivative of j(o). What is g(-2)?
-5
Let a(n) = 2*n**2 - 6*n. Let o be 5/(-4 + 51/12). Let c = 24 - o. Calculate a(c).
8
Let v(s) be the second derivative of s**4/12 + s**3/6 - s**2/2 - 7*s. Let t be 20/(-9) + 4/18. Give v(t).
1
Let r(t) = -t**2 + 3*t + 6. Let p be r(5). Let a(i) = -i**3 - 4*i**2 + 2*i + 2. Give a(p).
-6
Let u(n) = -3*n**2 - 5*n - 3. Let t(g) = g**2 + 1. Suppose -2*p - p = -3. Let f(o) = p*u(o) + 4*t(o). What is f(5)?
1
Suppose -k + 1 = -h, 4*h - 2*h = 6. Let o be (-4)/(-10) - k/10. Let n(z) = -z**2 + z - 2. Determine n(o).
-2
Let k(n) be the third derivative of 0 + 0*n - 1/60*n**5 - 3*n**2 + 7/6*n**3 + 1/24*n**4. Determine k(0).
7
Let f(u) = 6*u - 3. Suppose -3 - 3 = 2*l. Let q(k) = 7*k. Let a(y) = -1. Let v(m) = -4*a(m) - q(m). Let s(d) = l*v(d) - 4*f(d). Give s(2).
-6
Let n(b) = -b + 4. Let u be n(4). Suppose u = 5*t + 20 - 0. Let s(h) = -2*h**2 - 6*h - 2. Determine s(t).
-10
Let m(k) = k**3 - k**2 + k - 6. Let q(j) = -2*j**2 - 4*j. Let a be q(-2). Determine m(a).
-6
Let o(x) = -4*x**2 - 4*x - 2. Let u(q) = q + 4. Suppose 5*d = -25 - 5. Let m be u(d). Determine o(m).
-10
Suppose -2 = -4*l - 18. Let t(z) be the third derivative of -z**6/120 - z**5/20 + z**4/8 + z**3 + 19*z**2. Determine t(l).
10
Let m(f) = -f**3 - 5*f**2 + 7*f + 2. Let z(d) = d**2 - 9*d - 16. Let n be z(10). What is m(n)?
-4
Let l(y) = y**2 - 3*y - 3. Let d(o) = -2*o**3 - 12*o**2 - 11*o. Let x be d(-5). Give l(x).
7
Let v(w) = -4 + w**2 + 6*w + 0*w + 0*w - 2*w**2. Determine v(6).
-4
Let l(r) = -2*r**2 - 2*r + 1. Suppose 11*n - 12*n + 2 = 0. Calculate l(n).
-11
Let i(c) = -6*c - 1. Let y be 246/(-22) - (-12)/66. Let l(s) = -s - 9. Let x be l(y). Let f = -4 + x. What is i(f)?
11
Suppose 8*w - 14 = 18. Let g(i) = -i**3 + 3*i**2 + 3*i - 1. What is g(w)?
-5
Let z(n) be the second derivative of -n**5/10 + n**3/3 + n**2/2 + 15*n. Determine z(2).
-11
Let w(p) = p**2 - p + 1. Let h be w(2). Suppose a = -2*a - n - h, 3 = -a - n. Let m(d) = -d**3 - d**2 + d + 6. Determine m(a).
6
Let c(d) be the third derivative of d**5/60 - d**4/24 - d**3/6 - 2*d**2. Let a(b) = -b**2 + 3*b + 2. Let i be a(3). Give c(i).
1
Suppose -2*m + 5*y - y - 20 = 0, -5*y + 25 = 4*m. Suppose 2*f = -m*f - 8. Let l(a) = a**3 + 4*a**2 - 2. Give l(f).
-2
Let d = -26 + 53. Suppose -f + d - 23 = 0. Let x(j) be the third derivative of j**4/12 - 2*j**3/3 - j**2. Determine x(f).
4
Let i be (-10)/(-3)*(-18)/(-15). Suppose -s - i = s. Let m(r) be the second derivative of r**4/4 + r**3/2 - 8*r. Determine m(s).
6
Suppose 2*p + 2*j + 28 = 0, 5*p + 24 = 4*j - 1. Let o be (-44)/6 + (-12)/p. Let f(l) = l**3 + 6